7 is divided by 11.
6
Calculate the remainder when 6770 is divided by 513.
101
What is the remainder when 100259 is divided by 323?
129
What is the remainder when 2635 is divided by 428?
67
Calculate the remainder when 214776 is divided by 2983.
0
Calculate the remainder when 104825 is divided by 73.
70
What is the remainder when 1757 is divided by 267?
155
What is the remainder when 317899 is divided by 158897?
105
What is the remainder when 53658 is divided by 521?
516
What is the remainder when 3055 is divided by 122?
5
What is the remainder when 34613 is divided by 411?
89
Calculate the remainder when 14055 is divided by 6991.
73
What is the remainder when 29090 is divided by 29064?
26
Calculate the remainder when 78693 is divided by 1789.
1766
What is the remainder when 405227 is divided by 1333?
1328
What is the remainder when 67419 is divided by 51?
48
Calculate the remainder when 40718 is divided by 424.
14
Calculate the remainder when 3953465 is divided by 487.
486
What is the remainder when 193735 is divided by 72?
55
What is the remainder when 7024 is divided by 88?
72
What is the remainder when 14529 is divided by 1490?
1119
Calculate the remainder when 342158 is divided by 52.
50
Calculate the remainder when 2114 is divided by 177.
167
What is the remainder when 9018 is divided by 220?
218
What is the remainder when 849 is divided by 289?
271
What is the remainder when 22175 is divided by 288?
287
What is the remainder when 17208 is divided by 22?
4
What is the remainder when 7022 is divided by 1030?
842
Calculate the remainder when 48718 is divided by 145.
143
What is the remainder when 501 is divided by 453?
48
What is the remainder when 3565 is divided by 30?
25
Calculate the remainder when 16062 is divided by 1455.
57
Calculate the remainder when 677023 is divided by 14.
11
What is the remainder when 2634 is divided by 50?
34
What is the remainder when 3085 is divided by 2762?
323
What is the remainder when 1292 is divided by 1270?
22
Calculate the remainder when 46924 is divided by 2760.
4
Calculate the remainder when 94547 is divided by 5561.
10
What is the remainder when 2932 is divided by 2686?
246
Calculate the remainder when 5032 is divided by 239.
13
Calculate the remainder when 268649 is divided by 27.
26
Calculate the remainder when 119487 is divided by 548.
23
Calculate the remainder when 27862 is divided by 120.
22
Calculate the remainder when 28207 is divided by 137.
122
What is the remainder when 696 is divided by 306?
84
What is the remainder when 7608 is divided by 2532?
12
What is the remainder when 41169 is divided by 47?
44
Calculate the remainder when 664274 is divided by 1815.
1799
What is the remainder when 79273 is divided by 69?
61
What is the remainder when 2597 is divided by 864?
5
Calculate the remainder when 3173611 is divided by 72.
67
Calculate the remainder when 2777500 is divided by 39.
37
What is the remainder when 56374 is divided by 43?
1
What is the remainder when 990078 is divided by 70?
68
Calculate the remainder when 1315054 is divided by 36.
10
What is the remainder when 5517 is divided by 166?
39
What is the remainder when 104723 is divided by 34842?
197
What is the remainder when 5706 is divided by 1757?
435
Calculate the remainder when 3406 is divided by 287.
249
What is the remainder when 168920 is divided by 1964?
16
Calculate the remainder when 8420 is divided by 42.
20
What is the remainder when 321905 is divided by 17?
10
What is the remainder when 1301 is divided by 10?
1
Calculate the remainder when 112712 is divided by 53.
34
What is the remainder when 177743 is divided by 20?
3
Calculate the remainder when 21605 is divided by 331.
90
Calculate the remainder when 12017 is divided by 2403.
2
Calculate the remainder when 94049 is divided by 2239.
11
Calculate the remainder when 63356 is divided by 182.
20
What is the remainder when 6836 is divided by 1866?
1238
What is the remainder when 22253 is divided by 277?
93
Calculate the remainder when 33128 is divided by 11015.
83
What is the remainder when 277924 is divided by 7720?
4
Calculate the remainder when 155398 is divided by 200.
198
Calculate the remainder when 4818 is divided by 592.
82
Calculate the remainder when 100539 is divided by 271.
269
Calculate the remainder when 95510 is divided by 8.
6
What is the remainder when 11934 is divided by 16?
14
Calculate the remainder when 9361 is divided by 486.
127
What is the remainder when 45816 is divided by 6485?
421
Calculate the remainder when 3288 is divided by 304.
248
What is the remainder when 58438 is divided by 749?
16
Calculate the remainder when 943342 is divided by 12.
10
Calculate the remainder when 823640 is divided by 274545.
5
Calculate the remainder when 11675 is divided by 200.
75
What is the remainder when 38328 is divided by 56?
24
Calculate the remainder when 56351 is divided by 8045.
36
Calculate the remainder when 913012 is divided by 7246.
16
What is the remainder when 3420 is divided by 170?
20
What is the remainder when 461006 is divided by 22?
18
What is the remainder when 586732 is divided by 17?
11
Calculate the remainder when 168936 is divided by 196.
180
Calculate the remainder when 8484 is divided by 530.
4
Calculate the remainder when 2053 is divided by 86.
75
Calculate the remainder when 582717 is divided by 594.
3
Calculate the remainder when 3038 is divided by 625.
538
Calculate the remainder when 1197 is divided by 120.
117
What is the remainder when 63470 is divided by 4882?
4
Calculate the remainder when 271843 is divided by 196.
187
Calculate the remainder when 27116 is divided by 1672.
364
What is the remainder when 37347 is divided by 8?
3
What is the remainder when 3171 is divided by 3153?
18
Calculate the remainder when 29424 is divided by 55.
54
Calculate the remainder when 6226 is divided by 18.
16
What is the remainder when 665150 is divided by 166287?
2
What is the remainder when 65798 is divided by 8223?
14
What is the remainder when 80186 is divided by 20045?
6
What is the remainder when 2649 is divided by 240?
9
What is the remainder when 4299 is divided by 430?
429
What is the remainder when 13717 is divided by 2486?
1287
Calculate the remainder when 4126 is divided by 152.
22
What is the remainder when 246321 is divided by 12?
9
Calculate the remainder when 701 is divided by 24.
5
Calculate the remainder when 164 is divided by 137.
27
What is the remainder when 300933 is divided by 334?
333
Calculate the remainder when 37353 is divided by 39.
30
What is the remainder when 2829 is divided by 2813?
16
Calculate the remainder when 1648 is divided by 54.
28
Calculate the remainder when 6816 is divided by 6647.
169
What is the remainder when 2135 is divided by 217?
182
What is the remainder when 229825 is divided by 114910?
5
Calculate the remainder when 49697 is divided by 29.
20
What is the remainder when 34457 is divided by 1566?
5
Calculate the remainder when 33701 is divided by 127.
46
What is the remainder when 296298 is divided by 46?
12
Calculate the remainder when 1649 is divided by 448.
305
What is the remainder when 64772 is divided by 502?
14
What is the remainder when 2005 is divided by 332?
13
What is the remainder when 1187634 is divided by 9?
3
Calculate the remainder when 2190 is divided by 73.
0
What is the remainder when 993 is divided by 513?
480
Calculate the remainder when 162879 is divided by 80.
79
Calculate the remainder when 689 is divided by 217.
38
Calculate the remainder when 2794 is divided by 651.
190
What is the remainder when 2345 is divided by 218?
165
What is the remainder when 3112 is divided by 39?
31
Calculate the remainder when 582 is divided by 104.
62
What is the remainder when 6845 is divided by 173?
98
Calculate the remainder when 11726 is divided by 1881.
440
Calculate the remainder when 16609 is divided by 8302.
5
Calculate the remainder when 2012 is divided by 158.
116
What is the remainder when 40191 is divided by 301?
158
Calculate the remainder when 20862 is divided by 5214.
6
What is the remainder when 2883 is divided by 36?
3
What is the remainder when 24355 is divided by 21?
16
What is the remainder when 54514 is divided by 93?
16
Calculate the remainder when 9426 is divided by 